{"id":702,"date":"2023-03-20T17:07:39","date_gmt":"2023-03-20T17:07:39","guid":{"rendered":"https:\/\/mamamodoon.com\/?page_id=702"},"modified":"2023-03-20T17:12:53","modified_gmt":"2023-03-20T17:12:53","slug":"historia-de-mama-modo-on-que-como-cuando-porque","status":"publish","type":"page","link":"https:\/\/mamamodoon.com\/index.php\/historia-de-mama-modo-on-que-como-cuando-porque\/","title":{"rendered":"History"},"content":{"rendered":"\n<figure class=\"wp-block-video\"><video height=\"848\" style=\"aspect-ratio: 480 \/ 848;\" width=\"480\" controls src=\"http:\/\/mamamodoon.com\/wp-content\/uploads\/2023\/03\/VIDEO-2023-03-20-17-25-24.mp4\"><\/video><\/figure>\n\n\n\n<p><strong>Historia de Mam\u00e1 modo ON, \u00bfQu\u00e9? \u00bfC\u00f3mo? \u00bfCu\u00e1ndo? \u00bfPorqu\u00e9?<\/strong><\/p>\n\n\n\n<p>Mam\u00e1 modo ON es un proyecto que surgi\u00f3 hace 4 a\u00f1os como fruto de mi propia reflexi\u00f3n acad\u00e9mica durante el proceso de elaboraci\u00f3n de mi tesis de maestr\u00eda sobre el tema de \u201cla conciliaci\u00f3n familiar, laboral y personal de las madres latinas migrantes en B\u00e9lgica\u201d en donde pude ver reflejada mi propia trayectoria personal como madre, feminista y migrante vivendo en B\u00e9lgica desde hace varios a\u00f1os.<\/p>\n\n\n\n<p>Fruto de mi investigaci\u00f3n en campo a partir de entrevistar a diferentes madres latinas viviendo en B\u00e9lgica, pude constatar que de alguna forma compart\u00edamos un mismo sentir, el haber experimentado un aislamiento social y cultural as\u00ed como dificultades de integraci\u00f3n econ\u00f3mica y laboral al pa\u00eds, relacionados en parte, con el poco o ning\u00fan conocimiento de los idiomas, pero tambi\u00e9n, por la ausencia de proyectos pensados y dise\u00f1ados POR Y PARA LAS MADRES LATINAS en este pa\u00eds.<\/p>\n\n\n\n<p>Por esta raz\u00f3n, mi proyecto Mam\u00e1 modo ON inicia en el a\u00f1o 2020 como el PRIMER PROYECTO en B\u00c9LGICA dise\u00f1ado y pensado PARA y CON las madres latinas en B\u00e9lgica, a partir de la difusi\u00f3n en diferentes canales y redes sociales, de art\u00edculos de reflexi\u00f3n con soporte acad\u00e9mico sobre temas de: g\u00e9nero, migraci\u00f3n, empoderamiento, crianza, maternaje y corresponsabilidad, como un prisma para interpretar las diferentes realidades encontradas en los relatos de las mujeres y madres latinas que se iban sumando a estas redes.<\/p>\n\n\n\n<p>Fue as\u00ed, como muy r\u00e1pidamente esta red se fue nutriendo y haciendo necesario generar actividades grupales con y para madres latinas, que permitir\u00e1n estrechar lazos de sororidad y apoyo mutuo, as\u00ed como para compartir informaci\u00f3n \u00fatil, conocimientos, consejos y agendas tanto sociales y culturales como acad\u00e9micas.<\/p>\n\n\n\n<p>Hoy en d\u00eda, seguimos trabajando en consolidar esta red promovida por MAM\u00c1 MODO ON, en la b\u00fasqueda por tener una mayor representaci\u00f3n y acceso a otras instancias que permitan que estas redes trasciendan hacia una organizaci\u00f3n solida que promueva el acompa\u00f1amiento, la sensibilizaci\u00f3n, formaci\u00f3n, movilizaci\u00f3n y la difusi\u00f3n de las necesidades de las mujeres\/madres migrantes en pro de una mejor integraci\u00f3n social, cultural y econ\u00f3mica en B\u00e9lgica.<\/p>\n","protected":false},"excerpt":{"rendered":"<p>Historia de Mam\u00e1 modo ON, \u00bfQu\u00e9? \u00bfC\u00f3mo? \u00bfCu\u00e1ndo? \u00bfPorqu\u00e9? Mam\u00e1 modo ON es un proyecto que surgi\u00f3 hace 4 a\u00f1os como fruto de mi propia &hellip; <\/p>\n","protected":false},"author":1,"featured_media":0,"parent":0,"menu_order":0,"comment_status":"closed","ping_status":"closed","template":"","meta":{"footnotes":""},"class_list":["post-702","page","type-page","status-publish","hentry","latest_post"],"yoast_head":"<!-- This site is optimized with the Yoast SEO plugin v21.2 - https:\/\/yoast.com\/wordpress\/plugins\/seo\/ -->\n<title>History -<\/title>\n<meta name=\"robots\" content=\"index, follow, max-snippet:-1, max-image-preview:large, max-video-preview:-1\" \/>\n<link rel=\"canonical\" href=\"https:\/\/mamamodoon.com\/index.php\/historia-de-mama-modo-on-que-como-cuando-porque\/\" \/>\n<meta property=\"og:locale\" content=\"es_ES\" \/>\n<meta property=\"og:type\" content=\"article\" \/>\n<meta property=\"og:title\" content=\"History -\" \/>\n<meta property=\"og:description\" content=\"Historia de Mam\u00e1 modo ON, \u00bfQu\u00e9? \u00bfC\u00f3mo? \u00bfCu\u00e1ndo? \u00bfPorqu\u00e9? Mam\u00e1 modo ON es un proyecto que surgi\u00f3 hace 4 a\u00f1os como fruto de mi propia &hellip;\" \/>\n<meta property=\"og:url\" content=\"https:\/\/mamamodoon.com\/index.php\/historia-de-mama-modo-on-que-como-cuando-porque\/\" \/>\n<meta property=\"article:modified_time\" content=\"2023-03-20T17:12:53+00:00\" \/>\n<meta name=\"twitter:card\" content=\"summary_large_image\" \/>\n<meta name=\"twitter:label1\" content=\"Tiempo estimado de lectura\" \/>\n\t<meta name=\"twitter:data1\" content=\"2 minutos\" \/>\n<script type=\"application\/ld+json\" class=\"yoast-schema-graph\">{\"@context\":\"https:\/\/schema.org\",\"@graph\":[{\"@type\":\"WebPage\",\"@id\":\"https:\/\/mamamodoon.com\/index.php\/historia-de-mama-modo-on-que-como-cuando-porque\/\",\"url\":\"https:\/\/mamamodoon.com\/index.php\/historia-de-mama-modo-on-que-como-cuando-porque\/\",\"name\":\"History -\",\"isPartOf\":{\"@id\":\"https:\/\/mamamodoon.com\/#website\"},\"datePublished\":\"2023-03-20T17:07:39+00:00\",\"dateModified\":\"2023-03-20T17:12:53+00:00\",\"breadcrumb\":{\"@id\":\"https:\/\/mamamodoon.com\/index.php\/historia-de-mama-modo-on-que-como-cuando-porque\/#breadcrumb\"},\"inLanguage\":\"es-CO\",\"potentialAction\":[{\"@type\":\"ReadAction\",\"target\":[\"https:\/\/mamamodoon.com\/index.php\/historia-de-mama-modo-on-que-como-cuando-porque\/\"]}]},{\"@type\":\"BreadcrumbList\",\"@id\":\"https:\/\/mamamodoon.com\/index.php\/historia-de-mama-modo-on-que-como-cuando-porque\/#breadcrumb\",\"itemListElement\":[{\"@type\":\"ListItem\",\"position\":1,\"name\":\"Home\",\"item\":\"https:\/\/mamamodoon.com\/\"},{\"@type\":\"ListItem\",\"position\":2,\"name\":\"History\"}]},{\"@type\":\"WebSite\",\"@id\":\"https:\/\/mamamodoon.com\/#website\",\"url\":\"https:\/\/mamamodoon.com\/\",\"name\":\"Mam\u00e1 Modo ON\",\"description\":\"Inspired by gender, migration, empowerment, motherhood &amp; parenting. Powerful articles: clothing, accessories, home and handbags.   \",\"publisher\":{\"@id\":\"https:\/\/mamamodoon.com\/#\/schema\/person\/4347a133044b76ff9d769fcd49ae3fb6\"},\"potentialAction\":[{\"@type\":\"SearchAction\",\"target\":{\"@type\":\"EntryPoint\",\"urlTemplate\":\"https:\/\/mamamodoon.com\/?s={search_term_string}\"},\"query-input\":\"required name=search_term_string\"}],\"inLanguage\":\"es-CO\"},{\"@type\":[\"Person\",\"Organization\"],\"@id\":\"https:\/\/mamamodoon.com\/#\/schema\/person\/4347a133044b76ff9d769fcd49ae3fb6\",\"name\":\"Ang\u00e9lica Fandi\u00f1o Castillo\",\"image\":{\"@type\":\"ImageObject\",\"inLanguage\":\"es-CO\",\"@id\":\"https:\/\/mamamodoon.com\/#\/schema\/person\/image\/\",\"url\":\"https:\/\/i0.wp.com\/mamamodoon.com\/wp-content\/uploads\/2020\/08\/cropped-cropped-1-copia-6.jpg?fit=640%2C645&ssl=1\",\"contentUrl\":\"https:\/\/i0.wp.com\/mamamodoon.com\/wp-content\/uploads\/2020\/08\/cropped-cropped-1-copia-6.jpg?fit=640%2C645&ssl=1\",\"width\":640,\"height\":645,\"caption\":\"Ang\u00e9lica Fandi\u00f1o Castillo\"},\"logo\":{\"@id\":\"https:\/\/mamamodoon.com\/#\/schema\/person\/image\/\"},\"sameAs\":[\"http:\/\/mamamodoon.com\"]}]}<\/script>\n<!-- \/ Yoast SEO plugin. -->","yoast_head_json":{"title":"History -","robots":{"index":"index","follow":"follow","max-snippet":"max-snippet:-1","max-image-preview":"max-image-preview:large","max-video-preview":"max-video-preview:-1"},"canonical":"https:\/\/mamamodoon.com\/index.php\/historia-de-mama-modo-on-que-como-cuando-porque\/","og_locale":"es_ES","og_type":"article","og_title":"History -","og_description":"Historia de Mam\u00e1 modo ON, \u00bfQu\u00e9? \u00bfC\u00f3mo? \u00bfCu\u00e1ndo? \u00bfPorqu\u00e9? Mam\u00e1 modo ON es un proyecto que surgi\u00f3 hace 4 a\u00f1os como fruto de mi propia &hellip;","og_url":"https:\/\/mamamodoon.com\/index.php\/historia-de-mama-modo-on-que-como-cuando-porque\/","article_modified_time":"2023-03-20T17:12:53+00:00","twitter_card":"summary_large_image","twitter_misc":{"Tiempo estimado de lectura":"2 minutos"},"schema":{"@context":"https:\/\/schema.org","@graph":[{"@type":"WebPage","@id":"https:\/\/mamamodoon.com\/index.php\/historia-de-mama-modo-on-que-como-cuando-porque\/","url":"https:\/\/mamamodoon.com\/index.php\/historia-de-mama-modo-on-que-como-cuando-porque\/","name":"History -","isPartOf":{"@id":"https:\/\/mamamodoon.com\/#website"},"datePublished":"2023-03-20T17:07:39+00:00","dateModified":"2023-03-20T17:12:53+00:00","breadcrumb":{"@id":"https:\/\/mamamodoon.com\/index.php\/historia-de-mama-modo-on-que-como-cuando-porque\/#breadcrumb"},"inLanguage":"es-CO","potentialAction":[{"@type":"ReadAction","target":["https:\/\/mamamodoon.com\/index.php\/historia-de-mama-modo-on-que-como-cuando-porque\/"]}]},{"@type":"BreadcrumbList","@id":"https:\/\/mamamodoon.com\/index.php\/historia-de-mama-modo-on-que-como-cuando-porque\/#breadcrumb","itemListElement":[{"@type":"ListItem","position":1,"name":"Home","item":"https:\/\/mamamodoon.com\/"},{"@type":"ListItem","position":2,"name":"History"}]},{"@type":"WebSite","@id":"https:\/\/mamamodoon.com\/#website","url":"https:\/\/mamamodoon.com\/","name":"Mam\u00e1 Modo ON","description":"Inspired by gender, migration, empowerment, motherhood &amp; parenting. Powerful articles: clothing, accessories, home and handbags.   ","publisher":{"@id":"https:\/\/mamamodoon.com\/#\/schema\/person\/4347a133044b76ff9d769fcd49ae3fb6"},"potentialAction":[{"@type":"SearchAction","target":{"@type":"EntryPoint","urlTemplate":"https:\/\/mamamodoon.com\/?s={search_term_string}"},"query-input":"required name=search_term_string"}],"inLanguage":"es-CO"},{"@type":["Person","Organization"],"@id":"https:\/\/mamamodoon.com\/#\/schema\/person\/4347a133044b76ff9d769fcd49ae3fb6","name":"Ang\u00e9lica Fandi\u00f1o Castillo","image":{"@type":"ImageObject","inLanguage":"es-CO","@id":"https:\/\/mamamodoon.com\/#\/schema\/person\/image\/","url":"https:\/\/i0.wp.com\/mamamodoon.com\/wp-content\/uploads\/2020\/08\/cropped-cropped-1-copia-6.jpg?fit=640%2C645&ssl=1","contentUrl":"https:\/\/i0.wp.com\/mamamodoon.com\/wp-content\/uploads\/2020\/08\/cropped-cropped-1-copia-6.jpg?fit=640%2C645&ssl=1","width":640,"height":645,"caption":"Ang\u00e9lica Fandi\u00f1o Castillo"},"logo":{"@id":"https:\/\/mamamodoon.com\/#\/schema\/person\/image\/"},"sameAs":["http:\/\/mamamodoon.com"]}]}},"jetpack-related-posts":[],"_links":{"self":[{"href":"https:\/\/mamamodoon.com\/index.php\/wp-json\/wp\/v2\/pages\/702","targetHints":{"allow":["GET"]}}],"collection":[{"href":"https:\/\/mamamodoon.com\/index.php\/wp-json\/wp\/v2\/pages"}],"about":[{"href":"https:\/\/mamamodoon.com\/index.php\/wp-json\/wp\/v2\/types\/page"}],"author":[{"embeddable":true,"href":"https:\/\/mamamodoon.com\/index.php\/wp-json\/wp\/v2\/users\/1"}],"replies":[{"embeddable":true,"href":"https:\/\/mamamodoon.com\/index.php\/wp-json\/wp\/v2\/comments?post=702"}],"version-history":[{"count":2,"href":"https:\/\/mamamodoon.com\/index.php\/wp-json\/wp\/v2\/pages\/702\/revisions"}],"predecessor-version":[{"id":707,"href":"https:\/\/mamamodoon.com\/index.php\/wp-json\/wp\/v2\/pages\/702\/revisions\/707"}],"wp:attachment":[{"href":"https:\/\/mamamodoon.com\/index.php\/wp-json\/wp\/v2\/media?parent=702"}],"curies":[{"name":"wp","href":"https:\/\/api.w.org\/{rel}","templated":true}]}}

<figure class="wp-block-video"><video height="848" style="aspect-ratio: 480 / 848;" width="480" controls src="http://mamamodoon.com/wp-content/uploads/2023/03/VIDEO-2023-03-20-17-25-24.mp4"></video></figure>



<p><strong>Historia de Mamá modo ON, ¿Qué? ¿Cómo? ¿Cuándo? ¿Porqué?</strong></p>



<p>Mamá modo ON es un proyecto que surgió hace 4 años como fruto de mi propia reflexión académica durante el proceso de elaboración de mi tesis de maestría sobre el tema de “la conciliación familiar, laboral y personal de las madres latinas migrantes en Bélgica” en donde pude ver reflejada mi propia trayectoria personal como madre, feminista y migrante vivendo en Bélgica desde hace varios años.</p>



<p>Fruto de mi investigación en campo a partir de entrevistar a diferentes madres latinas viviendo en Bélgica, pude constatar que de alguna forma compartíamos un mismo sentir, el haber experimentado un aislamiento social y cultural así como dificultades de integración económica y laboral al país, relacionados en parte, con el poco o ningún conocimiento de los idiomas, pero también, por la ausencia de proyectos pensados y diseñados POR Y PARA LAS MADRES LATINAS en este país.</p>



<p>Por esta razón, mi proyecto Mamá modo ON inicia en el año 2020 como el PRIMER PROYECTO en BÉLGICA diseñado y pensado PARA y CON las madres latinas en Bélgica, a partir de la difusión en diferentes canales y redes sociales, de artículos de reflexión con soporte académico sobre temas de: género, migración, empoderamiento, crianza, maternaje y corresponsabilidad, como un prisma para interpretar las diferentes realidades encontradas en los relatos de las mujeres y madres latinas que se iban sumando a estas redes.</p>



<p>Fue así, como muy rápidamente esta red se fue nutriendo y haciendo necesario generar actividades grupales con y para madres latinas, que permitirán estrechar lazos de sororidad y apoyo mutuo, así como para compartir información útil, conocimientos, consejos y agendas tanto sociales y culturales como académicas.</p>



<p>Hoy en día, seguimos trabajando en consolidar esta red promovida por MAMÁ MODO ON, en la búsqueda por tener una mayor representación y acceso a otras instancias que permitan que estas redes trasciendan hacia una organización solida que promueva el acompañamiento, la sensibilización, formación, movilización y la difusión de las necesidades de las mujeres/madres migrantes en pro de una mejor integración social, cultural y económica en Bélgica.</p>

<p>Historia de Mamá modo ON, ¿Qué? ¿Cómo? ¿Cuándo? ¿Porqué? Mamá modo ON es un proyecto que surgió hace 4 años como fruto de mi propia &hellip; </p>

<!-- This site is optimized with the Yoast SEO plugin v21.2 - https://yoast.com/wordpress/plugins/seo/ -->
<title>History -</title>
<meta name="robots" content="index, follow, max-snippet:-1, max-image-preview:large, max-video-preview:-1" />
<link rel="canonical" href="https://mamamodoon.com/index.php/historia-de-mama-modo-on-que-como-cuando-porque/" />
<meta property="og:locale" content="es_ES" />
<meta property="og:type" content="article" />
<meta property="og:title" content="History -" />
<meta property="og:description" content="Historia de Mamá modo ON, ¿Qué? ¿Cómo? ¿Cuándo? ¿Porqué? Mamá modo ON es un proyecto que surgió hace 4 años como fruto de mi propia &hellip;" />
<meta property="og:url" content="https://mamamodoon.com/index.php/historia-de-mama-modo-on-que-como-cuando-porque/" />
<meta property="article:modified_time" content="2023-03-20T17:12:53+00:00" />
<meta name="twitter:card" content="summary_large_image" />
<meta name="twitter:label1" content="Tiempo estimado de lectura" />
	<meta name="twitter:data1" content="2 minutos" />
<script type="application/ld+json" class="yoast-schema-graph">{"@context":"https://schema.org","@graph":[{"@type":"WebPage","@id":"https://mamamodoon.com/index.php/historia-de-mama-modo-on-que-como-cuando-porque/","url":"https://mamamodoon.com/index.php/historia-de-mama-modo-on-que-como-cuando-porque/","name":"History -","isPartOf":{"@id":"https://mamamodoon.com/#website"},"datePublished":"2023-03-20T17:07:39+00:00","dateModified":"2023-03-20T17:12:53+00:00","breadcrumb":{"@id":"https://mamamodoon.com/index.php/historia-de-mama-modo-on-que-como-cuando-porque/#breadcrumb"},"inLanguage":"es-CO","potentialAction":[{"@type":"ReadAction","target":["https://mamamodoon.com/index.php/historia-de-mama-modo-on-que-como-cuando-porque/"]}]},{"@type":"BreadcrumbList","@id":"https://mamamodoon.com/index.php/historia-de-mama-modo-on-que-como-cuando-porque/#breadcrumb","itemListElement":[{"@type":"ListItem","position":1,"name":"Home","item":"https://mamamodoon.com/"},{"@type":"ListItem","position":2,"name":"History"}]},{"@type":"WebSite","@id":"https://mamamodoon.com/#website","url":"https://mamamodoon.com/","name":"Mamá Modo ON","description":"Inspired by gender, migration, empowerment, motherhood &amp; parenting. Powerful articles: clothing, accessories, home and handbags.   ","publisher":{"@id":"https://mamamodoon.com/#/schema/person/4347a133044b76ff9d769fcd49ae3fb6"},"potentialAction":[{"@type":"SearchAction","target":{"@type":"EntryPoint","urlTemplate":"https://mamamodoon.com/?s={search_term_string}"},"query-input":"required name=search_term_string"}],"inLanguage":"es-CO"},{"@type":["Person","Organization"],"@id":"https://mamamodoon.com/#/schema/person/4347a133044b76ff9d769fcd49ae3fb6","name":"Angélica Fandiño Castillo","image":{"@type":"ImageObject","inLanguage":"es-CO","@id":"https://mamamodoon.com/#/schema/person/image/","url":"https://i0.wp.com/mamamodoon.com/wp-content/uploads/2020/08/cropped-cropped-1-copia-6.jpg?fit=640%2C645&ssl=1","contentUrl":"https://i0.wp.com/mamamodoon.com/wp-content/uploads/2020/08/cropped-cropped-1-copia-6.jpg?fit=640%2C645&ssl=1","width":640,"height":645,"caption":"Angélica Fandiño Castillo"},"logo":{"@id":"https://mamamodoon.com/#/schema/person/image/"},"sameAs":["http://mamamodoon.com"]}]}</script>
<!-- / Yoast SEO plugin. -->

Historia de Mamá modo ON, ¿Qué? ¿Cómo? ¿Cuándo? ¿Porqué? Mamá modo ON es un proyecto que surgió hace 4 años como fruto de mi propia &hellip;

Mamá Modo ON

Angélica Fandiño Castillo
